{"id":242676,"date":"2026-09-01T08:04:57","date_gmt":"2026-09-01T07:04:57","guid":{"rendered":"https:\/\/odeja.si\/rjuha-z-elastiko-mina-extra-bela\/"},"modified":"2026-09-01T11:20:09","modified_gmt":"2026-09-01T10:20:09","slug":"plahta-s-gumicom-mina-extra-bijela","status":"publish","type":"product","link":"https:\/\/odeja.si\/hr\/plahta-s-gumicom-mina-extra-bijela\/","title":{"rendered":"Plahta s gumicom Mina Extra \u2013 Bijela"},"content":{"rendered":"<div class=\"\" data-turn-id-container=\"e12aed6b-ed36-4e4c-b3a9-f38475d1f24b\" data-is-intersecting=\"true\">\n<p class=\"PDq2pG_selectionAnchorContainer\" data-start=\"3312\" data-end=\"3386\"><strong data-start=\"3312\" data-end=\"3386\">Plahta od pamu\u010dnog platna \u2013 prirodna svje\u017eina i udobnost za ugodan san<\/strong><\/p>\n<p data-start=\"3388\" data-end=\"3924\">Plahta izra\u0111ena od kvalitetnog pamu\u010dnog platna odu\u0161evljava svojom <strong data-start=\"3454\" data-end=\"3511\">prozra\u010dno\u0161\u0107u, ugodnim dodirom i prirodnom elegancijom<\/strong>. Tkanina dobro regulira toplinu i vlagu te tako poma\u017ee stvoriti ugodnu klimu za spavanje tijekom cijele godine. Njezin karakteristi\u010dan, blago strukturiran i opu\u0161ten izgled unosi u spava\u0107u sobu da\u0161ak prirodnog luksuza, a svakim pranjem postaje <strong data-start=\"3755\" data-end=\"3779\">jo\u0161 mek\u0161a i ugodnija<\/strong>. Zahvaljuju\u0107i izdr\u017eljivosti, bezvremenskom izgledu i kvalitetnom prirodnom materijalu, odli\u010dan je izbor za udoban san i lijepo ure\u0111enu postelju.<\/p>\n<\/div>\n","protected":false},"excerpt":{"rendered":"<p>Plahta od pamu\u010dnog platna \u2013 prirodna svje\u017eina i udobnost za ugodan san Plahta izra\u0111ena od kvalitetnog&#8230;<\/p>\n","protected":false},"featured_media":127712,"comment_status":"open","ping_status":"closed","template":"","meta":{"_acf_changed":false},"color":[5155],"kolekcija":[5075,4951,3388],"label":[4990,6026,4986,4983],"product_feature":[],"product_brand":[],"product_cat":[5702,5778,5734,5698],"product_tag":[],"class_list":{"0":"post-242676","1":"product","2":"type-product","3":"status-publish","4":"has-post-thumbnail","6":"color-bijela","7":"kolekcija-decor-hr","8":"kolekcija-design-hr","9":"kolekcija-natur-hr","10":"label-izradeno-od-prirodnih-materijala","11":"label-prilagodavamo-proizvod-prema-vasim-mjerama","12":"label-sigurno-za-alergicare-i-astmaticare","13":"label-stvaramo-za-vas-vise-od-90-godina","14":"product_cat-novi-proizvodi","15":"product_cat-pamucna-posteljina","16":"product_cat-plahta-s-gumicom","17":"product_cat-posteljina","18":"pa_kakovost-made-in-eu-hr","19":"pa_kakovost-oeko-tex-certifikat-hr-2","20":"pa_kakovost-primerno-za-astmatike-in-alergike-hr","21":"pa_velikost-200x120-cm-hr","22":"pa_velikost-200x160-cm-hr","23":"pa_velikost-200x180-cm-hr","24":"pa_velikost-200x200-cm-hr","25":"pa_velikost-200x90-cm-hr","26":"pa_velikost-200x140-cm-hr","27":"pa_vzdrzevanje-beljenje-ni-dovoljeno-4","28":"pa_vzdrzevanje-likanje-pri-srednji-temperaturi-150-c-hr","29":"pa_vzdrzevanje-kemicno-ciscenje-p-hr","30":"pa_vzdrzevanje-pranje-do-60-c-hr","31":"pa_vzdrzevanje-susenje-v-susilnem-stroju-pri-znizani-temperaturi-hr","33":"first","34":"instock","35":"taxable","36":"shipping-taxable","37":"purchasable","38":"product-type-variable"},"acf":[],"_links":{"self":[{"href":"https:\/\/odeja.si\/hr\/wp-json\/wp\/v2\/product\/242676","targetHints":{"allow":["GET"]}}],"collection":[{"href":"https:\/\/odeja.si\/hr\/wp-json\/wp\/v2\/product"}],"about":[{"href":"https:\/\/odeja.si\/hr\/wp-json\/wp\/v2\/types\/product"}],"replies":[{"embeddable":true,"href":"https:\/\/odeja.si\/hr\/wp-json\/wp\/v2\/comments?post=242676"}],"wp:featuredmedia":[{"embeddable":true,"href":"https:\/\/odeja.si\/hr\/wp-json\/wp\/v2\/media\/127712"}],"wp:attachment":[{"href":"https:\/\/odeja.si\/hr\/wp-json\/wp\/v2\/media?parent=242676"}],"wp:term":[{"taxonomy":"color","embeddable":true,"href":"https:\/\/odeja.si\/hr\/wp-json\/wp\/v2\/color?post=242676"},{"taxonomy":"kolekcija","embeddable":true,"href":"https:\/\/odeja.si\/hr\/wp-json\/wp\/v2\/kolekcija?post=242676"},{"taxonomy":"label","embeddable":true,"href":"https:\/\/odeja.si\/hr\/wp-json\/wp\/v2\/label?post=242676"},{"taxonomy":"product_feature","embeddable":true,"href":"https:\/\/odeja.si\/hr\/wp-json\/wp\/v2\/product_feature?post=242676"},{"taxonomy":"product_brand","embeddable":true,"href":"https:\/\/odeja.si\/hr\/wp-json\/wp\/v2\/product_brand?post=242676"},{"taxonomy":"product_cat","embeddable":true,"href":"https:\/\/odeja.si\/hr\/wp-json\/wp\/v2\/product_cat?post=242676"},{"taxonomy":"product_tag","embeddable":true,"href":"https:\/\/odeja.si\/hr\/wp-json\/wp\/v2\/product_tag?post=242676"}],"curies":[{"name":"wp","href":"https:\/\/api.w.org\/{rel}","templated":true}]}}

<div class="" data-turn-id-container="e12aed6b-ed36-4e4c-b3a9-f38475d1f24b" data-is-intersecting="true">
<p class="PDq2pG_selectionAnchorContainer" data-start="3312" data-end="3386"><strong data-start="3312" data-end="3386">Plahta od pamučnog platna – prirodna svježina i udobnost za ugodan san</strong></p>
<p data-start="3388" data-end="3924">Plahta izrađena od kvalitetnog pamučnog platna oduševljava svojom <strong data-start="3454" data-end="3511">prozračnošću, ugodnim dodirom i prirodnom elegancijom</strong>. Tkanina dobro regulira toplinu i vlagu te tako pomaže stvoriti ugodnu klimu za spavanje tijekom cijele godine. Njezin karakterističan, blago strukturiran i opušten izgled unosi u spavaću sobu dašak prirodnog luksuza, a svakim pranjem postaje <strong data-start="3755" data-end="3779">još mekša i ugodnija</strong>. Zahvaljujući izdržljivosti, bezvremenskom izgledu i kvalitetnom prirodnom materijalu, odličan je izbor za udoban san i lijepo uređenu postelju.</p>
</div>

<p>Plahta od pamučnog platna – prirodna svježina i udobnost za ugodan san Plahta izrađena od kvalitetnog&#8230;</p>
