{"id":37106,"date":"2018-10-18T06:51:48","date_gmt":"2018-10-18T06:51:48","guid":{"rendered":"http:\/\/odeja.si\/?post_type=product&#038;p=37106"},"modified":"2026-05-25T11:07:36","modified_gmt":"2026-05-25T09:07:36","slug":"jastuk-medical-soft","status":"publish","type":"product","link":"https:\/\/odeja.si\/hr\/jastuk-medical-soft\/","title":{"rendered":"Jastuk Medical Soft"},"content":{"rendered":"<p data-sourcepos=\"1:1-1:51\"><strong>Udobna potpora glave za osjetljive i zahtjevne.<\/strong><\/p>\n<p data-sourcepos=\"3:1-3:282\">Tkanina s aktivnom za\u0161titom Allergo-Protection sprje\u010dava razvoj grinja i \u0161tetnih bakterija. U punjenju pro\u0161iva za jastuk su mekana Sensi-Care vlakna, posebno dizajnirana za alergi\u010dare i astmati\u010dare. Jastuk je punjen iznimno mekanim punjenjem. Primjeren za sve polo\u017eaje spavanja.<\/p>\n<p data-sourcepos=\"5:1-7:46\">Visina jastuka dimenzija 60 x 80 cm: 20 cm<br \/>\nVisina jastuka dimenzija 50 x 70 cm: 18 cm<br \/>\nVisina jastuka dimenzija 40 x 60 cm: 16 cm<\/p>\n<p>&nbsp;<\/p>\n","protected":false},"excerpt":{"rendered":"<p>Udobna potpora glave za osjetljive i zahtjevne. Tkanina s aktivnom za\u0161titom Allergo-Protection sprje\u010dava razvoj grinja i&#8230;<\/p>\n","protected":false},"featured_media":94699,"comment_status":"open","ping_status":"closed","template":"","meta":{"_acf_changed":false},"color":[],"kolekcija":[4888,4947,4949],"label":[4801,4802,4799],"product_feature":[],"product_brand":[],"product_cat":[1539,1806,5596,1797,5666,5600],"product_tag":[4914,4915],"class_list":{"0":"post-37106","1":"product","2":"type-product","3":"status-publish","4":"has-post-thumbnail","6":"kolekcija-adam-in-eva","7":"kolekcija-dream-2","8":"kolekcija-medical-2","9":"label-narejeno-iz-naravnih-materialov","10":"label-garancija-kakovosti","11":"label-varno-za-alergike-in-astmatike","12":"product_cat-vzglavniki","13":"product_cat-za-alergike-in-astmatike","14":"product_cat-vzglavniki-inovativni","15":"product_cat-klasicni","16":"product_cat-odeja-kolekcija-medical","17":"product_cat-vzglavniki-spanje-trebuh","18":"product_tag-antialergijski-vzglavnik","19":"product_tag-vzglavnik-za-alergike","20":"pa_collection-medical-3","21":"pa_featured-product-0-26","22":"pa_glavna-znacilnost-pralno","23":"pa_glavna-znacilnost-primerno-za-alergike-in-astmatike","24":"pa_kakovost-oeko-texcertifikat","25":"pa_kakovost-primerno-za-astmatike-in-alergike","26":"pa_tip-izdelka-klasicni-vzglavnik","27":"pa_velikost-50x70-cm","28":"pa_velikost-60x80-cm","29":"pa_vzdrzevanje-beljenje-ni-dovoljeno-2","30":"pa_vzdrzevanje-likanje-ni-dovoljeno","31":"pa_vzdrzevanje-kemicno-ciscenje-p","32":"pa_vzdrzevanje-pranje-do-60-c","33":"pa_vzdrzevanje-susenje-v-susilnem-stroju-pri-znizani-temperaturi","35":"first","36":"instock","37":"taxable","38":"shipping-taxable","39":"purchasable","40":"product-type-variable"},"acf":[],"_links":{"self":[{"href":"https:\/\/odeja.si\/hr\/wp-json\/wp\/v2\/product\/37106","targetHints":{"allow":["GET"]}}],"collection":[{"href":"https:\/\/odeja.si\/hr\/wp-json\/wp\/v2\/product"}],"about":[{"href":"https:\/\/odeja.si\/hr\/wp-json\/wp\/v2\/types\/product"}],"replies":[{"embeddable":true,"href":"https:\/\/odeja.si\/hr\/wp-json\/wp\/v2\/comments?post=37106"}],"wp:featuredmedia":[{"embeddable":true,"href":"https:\/\/odeja.si\/hr\/wp-json\/wp\/v2\/media\/94699"}],"wp:attachment":[{"href":"https:\/\/odeja.si\/hr\/wp-json\/wp\/v2\/media?parent=37106"}],"wp:term":[{"taxonomy":"color","embeddable":true,"href":"https:\/\/odeja.si\/hr\/wp-json\/wp\/v2\/color?post=37106"},{"taxonomy":"kolekcija","embeddable":true,"href":"https:\/\/odeja.si\/hr\/wp-json\/wp\/v2\/kolekcija?post=37106"},{"taxonomy":"label","embeddable":true,"href":"https:\/\/odeja.si\/hr\/wp-json\/wp\/v2\/label?post=37106"},{"taxonomy":"product_feature","embeddable":true,"href":"https:\/\/odeja.si\/hr\/wp-json\/wp\/v2\/product_feature?post=37106"},{"taxonomy":"product_brand","embeddable":true,"href":"https:\/\/odeja.si\/hr\/wp-json\/wp\/v2\/product_brand?post=37106"},{"taxonomy":"product_cat","embeddable":true,"href":"https:\/\/odeja.si\/hr\/wp-json\/wp\/v2\/product_cat?post=37106"},{"taxonomy":"product_tag","embeddable":true,"href":"https:\/\/odeja.si\/hr\/wp-json\/wp\/v2\/product_tag?post=37106"}],"curies":[{"name":"wp","href":"https:\/\/api.w.org\/{rel}","templated":true}]}}

<p data-sourcepos="1:1-1:51"><strong>Udobna potpora glave za osjetljive i zahtjevne.</strong></p>
<p data-sourcepos="3:1-3:282">Tkanina s aktivnom zaštitom Allergo-Protection sprječava razvoj grinja i štetnih bakterija. U punjenju prošiva za jastuk su mekana Sensi-Care vlakna, posebno dizajnirana za alergičare i astmatičare. Jastuk je punjen iznimno mekanim punjenjem. Primjeren za sve položaje spavanja.</p>
<p data-sourcepos="5:1-7:46">Visina jastuka dimenzija 60 x 80 cm: 20 cm<br />
Visina jastuka dimenzija 50 x 70 cm: 18 cm<br />
Visina jastuka dimenzija 40 x 60 cm: 16 cm</p>
<p>&nbsp;</p>

<p>Udobna potpora glave za osjetljive i zahtjevne. Tkanina s aktivnom zaštitom Allergo-Protection sprječava razvoj grinja i&#8230;</p>
